{"id":17,"date":"2017-02-16T02:03:00","date_gmt":"2017-02-16T01:03:00","guid":{"rendered":"http:\/\/www.ateliervalentin-paris.com\/?page_id=17"},"modified":"2017-03-28T12:06:15","modified_gmt":"2017-03-28T10:06:15","slug":"a-propos","status":"publish","type":"page","link":"http:\/\/www.ateliervalentin-paris.com\/en\/a-propos\/","title":{"rendered":"About"},"content":{"rendered":"[vc_row type=&#8221;in_container&#8221; full_screen_row_position=&#8221;middle&#8221; scene_position=&#8221;center&#8221; text_color=&#8221;dark&#8221; text_align=&#8221;left&#8221; overlay_strength=&#8221;0.3&#8243;][vc_column column_padding=&#8221;no-extra-padding&#8221; column_padding_position=&#8221;all&#8221; background_color_opacity=&#8221;1&#8243; background_hover_color_opacity=&#8221;1&#8243; width=&#8221;1\/2&#8243; tablet_text_alignment=&#8221;default&#8221; phone_text_alignment=&#8221;default&#8221;][vc_column_text]\n<h1>OPTICIAN, OPTOMETRIST, LUNETIER<\/h1>\n<p>Paris[\/vc_column_text]<div class=\"img-with-aniamtion-wrap center\" data-max-width=\"100%\"><div class=\"inner\"><img data-shadow=\"none\" data-shadow-direction=\"middle\" class=\"img-with-animation \" data-delay=\"0\" height=\"502\" width=\"688\" data-animation=\"fade-in\" src=\"http:\/\/www.ateliervalentin-paris.com\/wp-content\/uploads\/2017\/02\/saint-germain.jpg\" alt=\"\" \/><\/div><\/div>[\/vc_column][vc_column column_padding=&#8221;no-extra-padding&#8221; column_padding_position=&#8221;all&#8221; background_color_opacity=&#8221;1&#8243; background_hover_color_opacity=&#8221;1&#8243; top_margin=&#8221;65&#8243; width=&#8221;1\/2&#8243; tablet_text_alignment=&#8221;default&#8221; phone_text_alignment=&#8221;default&#8221;][vc_column_text]\n<h2 style=\"text-align: justify;\">&#8220;Nous croyons que les gens doivent porter des lunettes parce qu&#8217;ils le veulent et non pas parce qu&#8217;ils le doivent&#8221;<\/h2>\n<hr \/>\n<p style=\"text-align: justify;\">En tant que nouvelle g\u00e9n\u00e9ration\u00a0d&#8217;opticiens ind\u00e9pendants, l&#8217;esprit cr\u00e9atif et la personnalit\u00e9 de nos clients nous a\u00a0toujours inspir\u00e9s \u00e0\u00a0fournir l&#8217;exceptionnel. Situ\u00e9 au c\u0153ur de Saint Germain\u00a0\u00e0 Paris, nous offrons une large gamme de lunettes de marques cr\u00e9ateurs tendances.<br \/>\nNotre atelier dispose\u00a0des styles les plus distincts et glamours de Paris.\u00a0Nous pouvons trouver la paire id\u00e9ale pour correspondre \u00e0 la personnalit\u00e9 de chaque\u00a0client. Nos clients appr\u00e9cient notre attention au d\u00e9tail et notre sensibilit\u00e9 \u00e0 l&#8217;esth\u00e9tique. Sp\u00e9cialis\u00e9 en lunettes vintage\u00a0et sur mesure, nous disposons\u00a0de montures\u00a0embl\u00e9matiques et innovantes pour chaque look, de la sophistication \u00e9l\u00e9gante au chic flamboyant. Nos collections proviennent de grands designers du monde entier tels que Francis Klein, Anne et Valentin ou encore Mykita.<\/p>\n<p style=\"text-align: justify;\">Et bien s\u00fbr, nous sommes l&#8217;un des opticiens les plus respect\u00e9s de Paris et proposons un excellent service optique, incluant des examens oculaires complets, un montage de lentilles et un excellent suivi.<\/p>\n[\/vc_column_text][\/vc_column][\/vc_row]","protected":false},"excerpt":{"rendered":"<p>[vc_row type=&#8221;in_container&#8221; full_screen_row_position=&#8221;middle&#8221; scene_position=&#8221;center&#8221; text_color=&#8221;dark&#8221; text_align=&#8221;left&#8221; overlay_strength=&#8221;0.3&#8243;][vc_column column_padding=&#8221;no-extra-padding&#8221; column_padding_position=&#8221;all&#8221; background_color_opacity=&#8221;1&#8243; background_hover_color_opacity=&#8221;1&#8243; width=&#8221;1\/2&#8243; tablet_text_alignment=&#8221;default&#8221; phone_text_alignment=&#8221;default&#8221;][vc_column_text] OPTICIAN, OPTOMETRIST, LUNETIER Paris[\/vc_column_text][\/vc_column][vc_column column_padding=&#8221;no-extra-padding&#8221; column_padding_position=&#8221;all&#8221; background_color_opacity=&#8221;1&#8243; background_hover_color_opacity=&#8221;1&#8243; top_margin=&#8221;65&#8243; width=&#8221;1\/2&#8243; tablet_text_alignment=&#8221;default&#8221; phone_text_alignment=&#8221;default&#8221;][vc_column_text] &#8220;Nous croyons que les&#8230;<\/p>\n","protected":false},"author":1,"featured_media":0,"parent":0,"menu_order":0,"comment_status":"closed","ping_status":"closed","template":"","meta":[],"_links":{"self":[{"href":"http:\/\/www.ateliervalentin-paris.com\/en\/wp-json\/wp\/v2\/pages\/17"}],"collection":[{"href":"http:\/\/www.ateliervalentin-paris.com\/en\/wp-json\/wp\/v2\/pages"}],"about":[{"href":"http:\/\/www.ateliervalentin-paris.com\/en\/wp-json\/wp\/v2\/types\/page"}],"author":[{"embeddable":true,"href":"http:\/\/www.ateliervalentin-paris.com\/en\/wp-json\/wp\/v2\/users\/1"}],"replies":[{"embeddable":true,"href":"http:\/\/www.ateliervalentin-paris.com\/en\/wp-json\/wp\/v2\/comments?post=17"}],"version-history":[{"count":18,"href":"http:\/\/www.ateliervalentin-paris.com\/en\/wp-json\/wp\/v2\/pages\/17\/revisions"}],"predecessor-version":[{"id":509,"href":"http:\/\/www.ateliervalentin-paris.com\/en\/wp-json\/wp\/v2\/pages\/17\/revisions\/509"}],"wp:attachment":[{"href":"http:\/\/www.ateliervalentin-paris.com\/en\/wp-json\/wp\/v2\/media?parent=17"}],"curies":[{"name":"wp","href":"https:\/\/api.w.org\/{rel}","templated":true}]}}

[vc_row type=&#8221;in_container&#8221; full_screen_row_position=&#8221;middle&#8221; scene_position=&#8221;center&#8221; text_color=&#8221;dark&#8221; text_align=&#8221;left&#8221; overlay_strength=&#8221;0.3&#8243;][vc_column column_padding=&#8221;no-extra-padding&#8221; column_padding_position=&#8221;all&#8221; background_color_opacity=&#8221;1&#8243; background_hover_color_opacity=&#8221;1&#8243; width=&#8221;1/2&#8243; tablet_text_alignment=&#8221;default&#8221; phone_text_alignment=&#8221;default&#8221;][vc_column_text]
<h1>OPTICIAN, OPTOMETRIST, LUNETIER</h1>
<p>Paris[/vc_column_text]<div class="img-with-aniamtion-wrap center" data-max-width="100%"><div class="inner"><img data-shadow="none" data-shadow-direction="middle" class="img-with-animation " data-delay="0" height="502" width="688" data-animation="fade-in" src="http://www.ateliervalentin-paris.com/wp-content/uploads/2017/02/saint-germain.jpg" alt="" /></div></div>[/vc_column][vc_column column_padding=&#8221;no-extra-padding&#8221; column_padding_position=&#8221;all&#8221; background_color_opacity=&#8221;1&#8243; background_hover_color_opacity=&#8221;1&#8243; top_margin=&#8221;65&#8243; width=&#8221;1/2&#8243; tablet_text_alignment=&#8221;default&#8221; phone_text_alignment=&#8221;default&#8221;][vc_column_text]
<h2 style="text-align: justify;">&#8220;Nous croyons que les gens doivent porter des lunettes parce qu&#8217;ils le veulent et non pas parce qu&#8217;ils le doivent&#8221;</h2>
<hr />
<p style="text-align: justify;">En tant que nouvelle génération d&#8217;opticiens indépendants, l&#8217;esprit créatif et la personnalité de nos clients nous a toujours inspirés à fournir l&#8217;exceptionnel. Situé au cœur de Saint Germain à Paris, nous offrons une large gamme de lunettes de marques créateurs tendances.<br />
Notre atelier dispose des styles les plus distincts et glamours de Paris. Nous pouvons trouver la paire idéale pour correspondre à la personnalité de chaque client. Nos clients apprécient notre attention au détail et notre sensibilité à l&#8217;esthétique. Spécialisé en lunettes vintage et sur mesure, nous disposons de montures emblématiques et innovantes pour chaque look, de la sophistication élégante au chic flamboyant. Nos collections proviennent de grands designers du monde entier tels que Francis Klein, Anne et Valentin ou encore Mykita.</p>
<p style="text-align: justify;">Et bien sûr, nous sommes l&#8217;un des opticiens les plus respectés de Paris et proposons un excellent service optique, incluant des examens oculaires complets, un montage de lentilles et un excellent suivi.</p>
[/vc_column_text][/vc_column][/vc_row]
